
3
Suppose 2*p + 4 = -2*a, p + 9 = 2*a - 2. Let r(d) = 0*d**3 - 3*d**a + d**2 + 3*d - 3 + 1. Determine r(2).
-16
Let x(m) = 3*m**2 - 2*m - 2. Suppose -10*b + 351 = -b. Let g = b - 37. Calculate x(g).
6
Let h(r) be the second derivative of r**6/15 + r**5/60 - r**4/24 + 2*r**2 + 9*r. Let j(p) be the first derivative of h(p). Calculate j(1).
8
Let z = -432 - -421. Let v(g) = -g**3 - 12*g**2 - 12*g - 10. Calculate v(z).
1
Let w(k) = -k**2 + 12*k - 23. Let x = 251 - 241. Calculate w(x).
-3
Let r(o) = 2*o + 6*o**3 + 6*o + 2*o**2 + 13*o**3 - 10*o + 1. Give r(1).
20
Let l(t) = 13*t**3 + 16*t**2 + 30. Let h(p) = 16*p**3 + 16*p**2 + 32. Let s(w) = 4*h(w) - 5*l(w). Give s(-16).
-22
Let x be (-4)/(-18) + 774/162. Let a(l) = -1 - x*l - 1 + 1 + 2*l. Let c(q) = -q - 1. Let b be c(-3). Determine a(b).
-7
Let j(d) = -d**2 + 15. Let i(p) = 7*p**3 + 4*p - 11*p**2 + 6*p - 3*p**3 + 15 - 3*p**3. Let t be i(10). Suppose -t*m + 18*m = 0. Calculate j(m).
15
Let d(o) be the first derivative of -o**3/3 + o**2 - 3*o - 1. Let j be d(2). Let y(n) = -253 + 87 + 85 - n + 84. What is y(j)?
6
Let o be (-2)/10 + -1*(-66)/30. Let c(d) be the third derivative of -d**5/30 + d**4/6 - d**3/3 - 13*d**2. Calculate c(o).
-2
Suppose 9*y + 44 = 13*y. Let g(b) = 39 - 19 + b - y - 14. What is g(8)?
3
Let k = 11 - -1. Let p(s) = 34*s + 8 - 9*s - k*s - 12*s. What is p(-7)?
1
Let w(i) = 28*i. Let t(c) = 22*c - 2. Let p(n) = -4*t(n) + 3*w(n). What is p(-4)?
24
Let q(k) = k**3 - 3*k**2 + 3*k - 3. Suppose 0 = -85*p + 420 - 165. Calculate q(p).
6
Let o(z) = -z**3 - 4*z**2 + 9 + 7 - 4*z**2 - 5 + 3*z. Calculate o(-8).
-13
Let y(q) = q - 3. Let k(g) = 11*g**2 - g. Let f be k(1). Suppose -161 + 56 = -3*b. Let m be (-6)/f + (-84)/b. Give y(m).
-6
Suppose m = 3*r + 11, 3*r + 0*r = -5*m + 19. Let c(w) = -w**3 - w**2 + 2*w + 1. Let g be c(r). Let b(d) = 4*d + 1. Calculate b(g).
5
Let b(j) = -44*j - 181. Let u be b(-4). Let n(x) = x**2 + 3*x + 10. What is n(u)?
20
Let c = 6 - 4. Suppose -6*u = 4*p - 11*u - 11, -4*p - 3*u = 13. Let l be (4 - 3)*(p + c). Let z(o) = -3*o. What is z(l)?
-3
Suppose s = -2*g + 7, -2*s = 5*g - 17 - 0. Let f = 1 + g. Let b(t) = -3 - f + 0 + 4 - t. Give b(-5).
2
Suppose 2*l = -l + 9. Let a(q) = 14*q + 7*q + 12*q - 36*q. What is a(l)?
-9
Let i(z) = 2*z - 24. Suppose -125 = -17*u + 113. Calculate i(u).
4
Let g(h) be the first derivative of 2*h**3 + 9 + 0*h - 1/20*h**5 + 0*h**4 + 0*h**2. Let t(n) be the third derivative of g(n). What is t(2)?
-12
Suppose 145*h = 143*h + 4. Let d(g) = g - 7 + 42*g**2 + 6 - 43*g**h + 17*g**3. Calculate d(1).
16
Let g be 2*(-2)/2*2. Let q = -13 + 16. Let a(t) = 0*t**3 + q*t**2 + 1 + t**3 - t**2 + 4*t + 3*t**2. Calculate a(g).
1
Let t(d) be the second derivative of -d**3/6 - d**2/2 + d. Let m(f) = 2*f**3 - 110*f**2 + 109*f - 49. Let r be m(54). Give t(r).
-6
Let u(t) be the third derivative of t**4/8 + 5*t**3/6 - 43*t**2 + t. Calculate u(-9).
-22
Let m(g) = 2*g + 8. Let p be 1/(6 - 5) + -4. Give m(p).
2
Let d(r) = -r**3 - 30*r**2 - 216*r + 7. Let j be d(-18). Let o(p) = p**3 - 7*p**2 + 4*p + 9. Give o(j).
37
Suppose 4*u - 3 = q + 8*u, -2*q - 6 = 3*u. Let g = -4 - q. Let k(n) = 10*n + 4. Let r(c) = 12*c + 5. Let d(f) = -5*k(f) + 4*r(f). Calculate d(g).
2
Let w(t) = -t**2 + 6*t + 6. Let y = 28 - 20. Suppose -4*m = 2*f - y, 4*f - 26 = -2*m + 4*m. Calculate w(f).
6
Let i(q) = -2*q**2 + q. Suppose 0 = 17*y - 21*y - 4. What is i(y)?
-3
Let k = -16 - -51. Let o = k + -40. Let f(s) = s + 10. Calculate f(o).
5
Let u = -47 + 53. Suppose u*f - 20 = f. Let p(a) = 0*a**2 - 4 - 3*a**2 + 4*a + 2*a**2. Give p(f).
-4
Let r(a) = -7*a**2 + a - 1. Let s = 129 + -122. Suppose -10*t = -17*t + s. Calculate r(t).
-7
Let w(p) = -5*p**2 + 4*p - 1. Let q(u) = -23*u**2 + 17*u - 4. Let h(k) = 2*q(k) - 9*w(k). What is h(-2)?
1
Let d(b) = -2*b. Let w(x) = -44*x. Let h(k) = 120*d(k) - 5*w(k). Give h(-1).
20
Let c be -1 + -16 - 9/3. Let i be 9/4 + 5/c. Let y(j) = 5*j + 2. Let n(x) = 4*x + 1. Let g(v) = 3*n(v) - 2*y(v). Determine g(i).
3
Let u(h) = -27 - 34*h + 12*h + 4*h + 16*h. Give u(-12).
-3
Let f(v) = -1 + v**2 + 4*v**3 + 21*v - 19*v - 3*v**2. Determine f(1).
3
Let n(c) = -c**3 + 7*c**2 - 6*c - 7. Suppose 24 = 2*k + k + 5*l, -5*l + 15 = 0. Suppose 15 = 3*b - 2*d, 0*b + 15 = k*b + d. Give n(b).
13
Suppose -3*a + 234 - 192 = 5*x, -2 = 2*a. Let g(n) = n**2 - 11*n - 5. Calculate g(x).
-23
Let q = -738 + 749. Let i(a) = -a**2 + 12*a - 12. Give i(q).
-1
Suppose 11*q = 18 + 48. Let g(m) = m**3 - 6*m**2 - 3*m - 3. Give g(q).
-21
Let q(c) = 5*c**3 - c**2 - 4*c + 3. Let k = 297 - 295. Determine q(k).
31
Let t(j) = -j**2 - 5*j. Let z(p) = -p - 8. Let c be z(-8). Suppose 3*v + v = l + 3, -3*v + 2*l - 4 = c. Suppose -2*f = 3*i - 7, 2*i - i - 13 = v*f. Give t(f).
4
Let v be (7 + -2 - 2)*(-170)/(-51). Let j be 1 + 2 - 3 - v. Let q(d) = -d**2 - 8*d + 11. Determine q(j).
-9
Let q(j) be the second derivative of j**5/30 - j**4/6 - j**3/6 - j**2/2 + j. Let u(i) be the first derivative of q(i). Let a = 1 - -2. Determine u(a).
5
Let r be (-437)/(-95) - (-2)/(-10)*-2. Let p(g) be the third derivative of -1/8*g**4 + 6*g**2 + 0 + 0*g + 1/60*g**r + 1/6*g**3. Give p(2).
-1
Let y(h) = 585*h - 3515. Let w be y(6). Let r(u) be the second derivative of u**4/12 + 2*u**3/3 - 11*u**2/2 - u. What is r(w)?
-6
Let z(m) = 3*m**3 - 8*m + 8. Let o(c) = 4*c**3 + c**2 - 9*c + 9. Let k(y) = 4*o(y) - 5*z(y). Let p be (6 - 0)*5/30*-4. Give k(p).
-20
Let a be (3/(-2))/(1/(-2)). Let x = -1 - a. Let u(h) be the first derivative of h**3/3 + 9*h**2/2 + 4*h - 1. Give u(x).
-16
Let i(b) = -24975*b - 2*b**2 - 2 + 24975*b. Determine i(0).
-2
Let n be (-6)/21 - (-16)/7. Suppose -j - 8 = 4*d, -n*j = -5*d + 3*d - 4. Let q(r) = -r**2 + 10. Calculate q(j).
10
Suppose -5*k = -4*y + 8 + 2, -4*k - 5*y = -33. Suppose 0 = -r + 3*m - 10, -2*m - 12 = 2*r - 6*m. Let i(s) = 2*s - r*s - s + k + 3. Determine i(5).
0
Let s(z) = -8*z - 6. Let f = 127 + -131. Calculate s(f).
26
Suppose 0 = -4*y - 52 + 272. Suppose -19 = -3*h - y. Let v be (h - -8)*(-14)/(-8). Let o(n) = -n**2 - 6*n + 3. Give o(v).
-4
Let n(s) = s**2 - 3*s - 7. Suppose 4*j = 3*j. Suppose 2*v - 3*c = -2*v, 4*v - 2*c = 0. Suppose 34 = 5*u - 3*k, j = -4*u - v*k - k + 17. Give n(u).
3
Let f(x) = -x**2 - 7*x - 3. Suppose -3*p + 8 = -1. Suppose 3*m + 12 = 0, s + p*m = 2*m - 7. Give f(s).
9
Let r(u) = 3 - 2*u**2 - u**2 - 10*u + 4*u**2 + u + 6*u. Determine r(8).
43
Suppose -3*l + z + 15 = 0, 4*l = 3*z - 8*z + 39. Let d(v) = v**3 - 7*v**2 + 6*v + 4. What is d(l)?
4
Let m(a) = -a**3 - 2*a**2 + 2*a + 2. Let w be 1 + (2 - (-1 + 0)). Suppose -o + w*o - 6 = 0. Suppose 0 = 3*t + o + 4. What is m(t)?
-2
Let g(r) = 11 - 44 + 18 + 18 - 10*r. Give g(2).
-17
Suppose 0 = -33*m - 32 + 362. Let p(v) = v**2 - 14*v - 5. Give p(m).
-45
Let g be (-4)/(-10) + (-3)/(-5). Let t(f) = -f**2 - 8*f + 1. Let p(u) = u. Suppose -315*d + 8 = -311*d. Let j(r) = d*p(r) + g*t(r). Calculate j(-5).
6
Let z(h) = 43 + 49 + 60*h - 78 + h**2 - 72*h. Let r = 26 - 16. What is z(r)?
-6
Let h(u) = 2*u. Let m be 28/(4 - 2) + (-3)/(-3). Suppose -36 = -m*v + 24*v. Determine h(v).
-8
Let f(m) be the first derivative of 5*m**4/12 - m**3/6 + m**2/2 - 12*m - 3. Let y(b) be the first derivative of f(b). Give y(2).
19
Suppose 3*z = -3*c - 36 - 24, 48 = -2*c - 4*z. Let b = 11 + c. Let d(l) = -3*l**2 - 5*l. Let g(u) = -u**2 - 2*u. Let y(m) = 2*d(m) - 7*g(m). What is y(b)?
5
Let m(w) be the third derivative of 0 + 0*w - 1/60*w**5 - 1/3*w**4 - 1/2*w**3 - 12*w**2. What is m(-7)?
4
Suppose 4*u - 32 = 2*r, -10 - 3 = r - u. Let t(w) = w**2 + 7*w - 2. Give t(r).
28
Let s(t) = -8*t**2 - 11*t + 11. Let z(j) = -j**2 + j + 1. Let o(d) = s(d) - 3*z(d). Let x(w) = w**2 + w. Let n(u) = o(u) + 6*x(u). What is n(6)?
-4
Let l(t) = t - 5. Let b(g) = -g**2 - 9*g - 12. Let f(a) = -a**2 - 2*a - 6. Let m be f(0). Let i be b(m). Determine l(i).
1
Let l(u) = -u - 2. Let j be 224/(-18) - 128/(-288). Determine l(j).
10
Let n(r) = r**3 - 5*r**2 - 5*r - 3. Let x be ((-7)/35 + 122/10)/2. Give n(x).
3
Let y(s) = 17 + 9*s + 5*s - 2*s - 1 - 3*s. Calculate y(-3).
-11
Let k(s) = 132*s + 4 - 129*s + 5. Calculate k(7).
30
Let y(s) be the third derivative of -s**4/8 - 16*s**3/3 - 6*s**2 + 23*s. What is y(-9)?
-5
Let b be 1/(-4) - (-75)/12. Suppose y + 6 = -2*i, 0*y + 2 = -y - i. L